{"version":"1.0","provider_name":"TREES FOR FUTURE","provider_url":"https:\/\/www.treesforfuture.be\/en\/","author_name":"quercus","author_url":"https:\/\/www.treesforfuture.be\/en\/author\/quercus\/","title":"Launch of the 2021-2022 planting campaign - TREES FOR FUTURE","type":"rich","width":600,"height":338,"html":"<blockquote class=\"wp-embedded-content\" data-secret=\"dL27cJAKo5\"><a href=\"https:\/\/www.treesforfuture.be\/en\/launch-of-the-2021-2022-planting-campaign\/\">Launch of the 2021-2022 planting campaign<\/a><\/blockquote><iframe sandbox=\"allow-scripts\" security=\"restricted\" src=\"https:\/\/www.treesforfuture.be\/en\/launch-of-the-2021-2022-planting-campaign\/embed\/#?secret=dL27cJAKo5\" width=\"600\" height=\"338\" title=\"&#8220;Launch of the 2021-2022 planting campaign&#8221; &#8212; TREES FOR FUTURE\" data-secret=\"dL27cJAKo5\" frameborder=\"0\" marginwidth=\"0\" marginheight=\"0\" scrolling=\"no\" class=\"wp-embedded-content\"><\/iframe><script>\n\/*! This file is auto-generated *\/\n!function(d,l){\"use strict\";l.querySelector&&d.addEventListener&&\"undefined\"!=typeof URL&&(d.wp=d.wp||{},d.wp.receiveEmbedMessage||(d.wp.receiveEmbedMessage=function(e){var t=e.data;if((t||t.secret||t.message||t.value)&&!\/[^a-zA-Z0-9]\/.test(t.secret)){for(var s,r,n,a=l.querySelectorAll('iframe[data-secret=\"'+t.secret+'\"]'),o=l.querySelectorAll('blockquote[data-secret=\"'+t.secret+'\"]'),c=new RegExp(\"^https?:$\",\"i\"),i=0;i<o.length;i++)o[i].style.display=\"none\";for(i=0;i<a.length;i++)s=a[i],e.source===s.contentWindow&&(s.removeAttribute(\"style\"),\"height\"===t.message?(1e3<(r=parseInt(t.value,10))?r=1e3:~~r<200&&(r=200),s.height=r):\"link\"===t.message&&(r=new URL(s.getAttribute(\"src\")),n=new URL(t.value),c.test(n.protocol))&&n.host===r.host&&l.activeElement===s&&(d.top.location.href=t.value))}},d.addEventListener(\"message\",d.wp.receiveEmbedMessage,!1),l.addEventListener(\"DOMContentLoaded\",function(){for(var e,t,s=l.querySelectorAll(\"iframe.wp-embedded-content\"),r=0;r<s.length;r++)(t=(e=s[r]).getAttribute(\"data-secret\"))||(t=Math.random().toString(36).substring(2,12),e.src+=\"#?secret=\"+t,e.setAttribute(\"data-secret\",t)),e.contentWindow.postMessage({message:\"ready\",secret:t},\"*\")},!1)))}(window,document);\n\/\/# sourceURL=https:\/\/www.treesforfuture.be\/wp-includes\/js\/wp-embed.min.js\n<\/script>\n","thumbnail_url":"https:\/\/www.treesforfuture.be\/wp-content\/uploads\/2021\/11\/IMG-20211116-WA0003.jpg","thumbnail_width":1200,"thumbnail_height":900,"description":"Trees for Future&#8216;s 2021-2022 planting season began on November 16 in Jenneret (Durbuy) under the gaze of the media. On this occasion, 400 Bosnian pines and 400 Hungarian oaks were planted on the plot provided by Mr. Fran\u00e7ois-Ren\u00e9 Greindl. This winter, around 20,000 trees will be planted in 7 new sites including Saint-L\u00e9ger, Gingelom and&hellip;"}

Trees for Future&#8216;s 2021-2022 planting season began on November 16 in Jenneret (Durbuy) under the gaze of the media. On this occasion, 400 Bosnian pines and 400 Hungarian oaks were planted on the plot provided by Mr. François-René Greindl. This winter, around 20,000 trees will be planted in 7 new sites including Saint-Léger, Gingelom and&hellip;
